pose -33*j - 7*j + 110080 = 0. List the prime factors of j.
2, 43
Let m(c) be the first derivative of -c**2 - 21*c + 6. Let w be m(-14). Suppose w*n - 8*n + 91 = 0. List the prime factors of n.
7, 13
Let t = 344 + -342. Let i(r) = 55*r + 55. List the prime factors of i(t).
3, 5, 11
Suppose 10*y - 15*y + 3*a = -57816, -3*y + 2*a + 34691 = 0. What are the prime factors of y?
3, 3853
Let y be (-2)/(186/(-37) + 5). Suppose 0 = -129*m + 122*m + 1561. Let l = m - y. List the prime factors of l.
149
What are the prime factors of ((-1755)/(-5))/(-13)*-161?
3, 7, 23
Let s = 693 + 4420. List the prime factors of s.
5113
Let s be -126*((-20)/(-12))/(-5). Suppose 0 = -3*i - 3*b + s, b - 6 = 3*i - 56. Suppose -i = -4*x, 3*r - 79 = -5*x + 202. List the prime factors of r.
3, 29
Suppose 3*h = -p + 12, 2*p - 3*h - 4 = -4*h. Suppose p = -6*d + 14*d - 2312. What are the prime factors of d?
17
What are the prime factors of 41/((-164)/1848)*460/(-8)?
3, 5, 7, 11, 23
Let x(i) = 11*i**2 - 8*i - 31. Let w be x(-7). Suppose 0 = 14*s - 11*s - w. List the prime factors of s.
2, 47
Let q(v) = 7*v - 7. Let g(c) = 8*c - 8. Let b(o) = 2*g(o) - 3*q(o). Let s be b(1). Suppose 0 = f - 2*x - 64, s = 3*x - 7 - 8. What are the prime factors of f?
2, 37
Suppose -591032 = 4*x - 156*x + 1370528. What are the prime factors of x?
5, 29, 89
Suppose 0 = 17*p - 24*p - 28. Let y(w) = -37*w - 12. What are the prime factors of y(p)?
2, 17
List the prime factors of (6422/(-76))/((-13)/8112).
2, 3, 13
Let g(q) = 4*q - 6. Let m be g(2). Suppose -m*s - 2*s = 0. What are the prime factors of (20/(-6) + s)*-18?
2, 3, 5
Let l be -6 + 3 - 3*(0 - -1). List the prime factors of l + 7 - (-360 - -1 - -1).
359
Let d be (0 - 632/(-3))*1335/356. Let v = 1313 - d. What are the prime factors of v?
523
Let c = 7340 + -873. List the prime factors of c.
29, 223
Suppose z - 6*z + 25 = 5*a, -5*z - 3*a = -29. Suppose 0 = -16*n + 191*n - 427 - 623. Suppose 215 = -n*i + z*i. List the prime factors of i.
5, 43
Let g(r) = -r - 464 - 15*r**3 + 463 - 5*r**2 + r**2 - 2*r. Suppose 2*m = 3*n - 16, -5*m - n - 4*n = -10. List the prime factors of g(m).
109
Let p = -14936 - -34380. What are the prime factors of p?
2, 4861
Suppose -4*a + 2 = 2*c, -4*c = a - 2*c + 7. Suppose a*v = -3*d + 483, 0 = 5*v - d + 2*d - 785. Suppose v = 6*b - 480. List the prime factors of b.
2, 53
Suppose 730*v = 717*v + 87139. List the prime factors of v.
6703
Let v(m) be the first derivative of 34*m**3/3 - 5*m - 63. List the prime factors of v(3).
7, 43
Suppose 4*g - 6*g - 5*q = 3336, 4*q - 5027 = 3*g. Let k = -1098 - g. List the prime factors of k.
5, 23
Let n be (14 - 645/45)/((-1)/63). Suppose -n*y = -50*y + 33176. List the prime factors of y.
2, 11, 13
Suppose 0 = 5*j - 0*v - 4*v + 11, -4*j + 4*v = 8. What are the prime factors of (-10)/(j*(-10)/15) + 289?
2, 71
Let y(c) = -19*c**3 - 4*c**2 - 2*c. Let i be (-6)/4*34/17. What are the prime factors of y(i)?
3, 7, 23
Suppose -13*o = -37*o + 530208. List the prime factors of (o/(-9))/(-7) - 16/(-12).
2, 11
Suppose -4*o + 146321 = -m, -2*m + 31019 + 42129 = 2*o. List the prime factors of o.
3, 89, 137
Let v(t) = -7*t**3 + 10*t**2 - 2*t + 7. Let g(k) = 9*k**3 - 11*k**2 + k - 6. Let n(l) = -3*g(l) - 4*v(l). Let u = -8 + 15. List the prime factors of n(u).
5
Let a be (10/1)/((-654)/(-642) - 1). Let w = -281 + a. What are the prime factors of w?
2, 127
Let a be (-1)/5 - (-4)/((-80)/556). Let y = 33 + a. Suppose y*d + 9 = 29, 4*s + d = 164. What are the prime factors of s?
2, 5
Let n(d) = 27*d**2 - 95*d + 1826. What are the prime factors of n(32)?
2, 13217
Let u be (-1 - -1)/(2/(54/9 - 8)). Let c(r) = 1. Let g(x) = 2*x - 118. Let f(z) = 5*c(z) - g(z). List the prime factors of f(u).
3, 41
Let r(t) = t**2 + 28*t - 27. Let j be r(-32). Suppose 2*k - j = -c, 3*k + 440 = -3*c + 8*c. List the prime factors of c.
7, 13
Let u(q) = -3*q**3 + 5*q + 1. Let z(y) be the second derivative of y**5/20 - 3*y**4/4 + y**3 + 7*y**2 - 14*y. Let t be z(8). List the prime factors of u(t).
3, 5
Suppose -4*m = 3*k + 1567, -4*k - 1272 - 800 = m. Let z = k + 969. List the prime factors of z.
2, 113
Let h be -9 + ((-24)/(-2))/2. What are the prime factors of (-5)/(50/(-9148)) + h/(-15)?
3, 5, 61
Let o(u) = 6890*u**2 + 24*u - 24. List the prime factors of o(1).
2, 5, 13, 53
Let f be (-1 + 2/10)/(290/(-725)). Suppose 3*m - 2542 = 5*l + 2432, 0 = 3*m + f*l - 4995. List the prime factors of m.
1663
Let s = -2824 - -4494. Suppose 0 = -14*h + s + 2390. What are the prime factors of h?
2, 5, 29
Let z = 38878 + -24279. What are the prime factors of z?
13, 1123
Let w(k) = 6*k - 26. Let b be w(9). Suppose 7*u - 3*u = b. Let l = u + 14. List the prime factors of l.
3, 7
Let m(j) = 2*j**2 + 2*j - 6. Let f be m(-3). Let q(s) = 5*s**2 - 5*s + 28. What are the prime factors of q(f)?
2, 89
Let j(d) = 7*d**2 - 1193*d - 1195*d + 37 + 2387*d. What are the prime factors of j(-9)?
613
Suppose 2*y - 5*x = -1695, -y - 3*x - 1008 + 133 = 0. Let j = y - -1247. What are the prime factors of j?
3, 43
Let k = 46338 - -24718. List the prime factors of k.
2, 4441
Let z = -8754 - -16183. What are the prime factors of z?
17, 19, 23
Suppose -4*h + 2046 = -982. Let t be h + ((-30)/3)/2. Suppose 5*q + 0*k - 746 = 2*k, 5*q = -k + t. What are the prime factors of q?
2, 3, 5
Suppose 23 = -13*o - 29. Suppose 2 = -5*w - 2*t - 3, -2*w - 3*t - 13 = 0. List the prime factors of ((-4 - w) + -2)*(-13 + o).
7, 17
Suppose 133*q + 65696 - 930462 = 0. List the prime factors of q.
2, 3251
Suppose 0 = 2*k - 4*v - 32318, 5*v - 9190 - 6990 = -k. List the prime factors of k.
5, 53, 61
Suppose -9*q + q = -320. Let n be 44/(-198) + q/18. Suppose 4*l = -2*v + v + 253, 4*l + n*v - 250 = 0. What are the prime factors of l?
2
Suppose -4*a - 18 = -2*c + 24, 5*c + 12 = a. Let j(i) = i**2 - 9*i - 66. What are the prime factors of j(a)?
2, 5, 11
Suppose 21*b - 35159 = 25489. What are the prime factors of b?
2, 19
Let w(p) = 4 - 3*p**2 - 8*p + 15*p - 3*p. Let r be w(-4). Let m = 12 - r. List the prime factors of m.
2, 3
Let w(k) = -45*k + 224. Let q be w(-11). Suppose -16 - q = -d + 4*c, 2*d + 5*c = 1418. What are the prime factors of d?
719
Let y(l) be the second derivative of l**3/3 - 2*l**2 + 29*l. Let m(n) = n + 18. Let c be m(-10). List the prime factors of y(c).
2, 3
Let h = 1906 - 1266. Let k = h + -179. List the prime factors of k.
461
Suppose -z + 7410 = -5*h, -z - 2971 = 9*h - 7*h. Let s = -656 - h. What are the prime factors of s?
827
What are the prime factors of 19172 + 8 + 2*-2*(-11)/(-22)?
2, 43, 223
Suppose x = -s - 2*s - 117, -3*x - 365 = -5*s. Let g = -53 - x. Let b = g - -208. What are the prime factors of b?
5, 11
Let c be 63 + (-5)/((-35)/21). Suppose -c*x - 1372 = -68*x. List the prime factors of x.
2, 7
Let m(v) = 9*v + 3. Let h(g) = 5*g + 1. Let j(w) = -7*h(w) + 4*m(w). Let c be j(-5). Suppose c = -38*o + 34*o + 456. List the prime factors of o.
2, 3, 19
Suppose -108 = 2*v + w + 23, -3*v + 2*w - 200 = 0. Let m = v + -14. Let l = -63 - m. List the prime factors of l.
17
Suppose t = 3*j - 122, 2*j = 4*t - 45 + 133. Suppose -5*f - j = -10*f. Suppose -f*a + 890 = -3*a. List the prime factors of a.
2, 89
Suppose y + 3*u - 1017 = 0, 0 = 43*y - 40*y - 3*u - 3075. Suppose -12*q + 9195 = y. List the prime factors of q.
3, 227
Suppose -3*u = -3*x - 83490, 126*x + 139126 = 5*u + 127*x. What are the prime factors of u?
2, 13913
List the prime factors of (1 + (-60)/40)*(-3 + -127767).
3, 5, 4259
Let l(q) = 693*q**3 - 7*q**2 + 10*q - 7. List the prime factors of l(2).
3, 19, 97
Let r = 1226 - 814. Let m = -252 + r. What are the prime factors of m?
2, 5
Let c = 115 - 99. Suppose -c*b = -36 + 4. What are the prime factors of ((-2464)/(-33))/(b/6)?
2, 7
Let i = 96973 + -50433. What are the prime factors of i?
2, 5, 13, 179
Let z(c) = 9*c - 35. Let d(v) = v**3 + 15*v**2 + 3*v + 51. Let a be d(-15). Let y be z(a). Suppose y*m - 25*m + 1188 = 0. List the prime factors of m.
2, 3, 11
Suppose -20*x + 65351 = -137649. List the prime factors of x.
2, 5, 7, 29
What are the prime factors of (8/36 - (-320536)/36) + -6?
2, 3, 1483
Suppose i - 2 - 6 = 0. Suppose -7271 + 1895 = -i*a. List the prime factors of a.
2, 3, 7
Let c = 5939 + -3178. List the prime factors of c.
11, 251
Let t(b) = 619*b